6) to base 15
-8dcda
Convert -8a03c4 (base 14) to base 15.
-628d5c
What is 4123005 (base 7) in base 10?
493239
Convert 4721844 (base 10) to base 16.
480cb4
What is -652341 (base 8) in base 2?
-110101010011100001
-122001022 (base 4) to base 16
-1a04a
What is -c0859 (base 13) in base 4?
-1110001132
What is -2140159 (base 11) in base 9?
-7064674
Convert -2434441104 (base 5) to base 2.
-10110000011010100101011
-2010454 (base 9) to base 2
-100000101001011111000
What is -10011020120211 (base 3) in base 5?
-412142411
Convert -16246457 (base 10) to base 9.
-33511848
1001111111100000100 (base 2) to base 10
327428
What is -5b2a8 (base 13) in base 2?
-101000111000011000
What is -402555411 (base 6) in base 2?
-11010001010011001111111
Convert fd6fb (base 16) to base 2.
11111101011011111011
Convert 1144042 (base 5) to base 6.
244444
What is -420207 (base 9) in base 12?
-100467
What is 6417077 (base 9) in base 8?
15070040
Convert -9528 (base 16) to base 11.
-26763
What is 11393 (base 14) in base 7?
233043
What is 180345 (base 10) in base 11?
113550
-1002134223 (base 5) to base 4
-13211310302
What is -1000001011110000001111 (base 2) in base 13?
-5a1609
What is -1922a75 (base 11) in base 15?
-444356
11010121012210 (base 3) to base 12
89b249
1ee783 (base 16) to base 10
2025347
Convert -108253 (base 12) to base 2.
-1000000001101011111
Convert 12131144 (base 5) to base 6.
2242153
What is 2676572 (base 8) in base 7?
6254250
Convert 4903858 (base 10) to base 2.
10010101101001110110010
Convert a525b (base 12) to base 13.
77630
53056b (base 12) to base 9
2412082
What is -3202241001 (base 5) in base 8?
-31370257
Convert 77340 (base 13) to base 14.
5894d
What is -22068a (base 13) in base 8?
-3034104
What is -4a3246 (base 12) in base 14?
-236450
What is 222b00 (base 16) in base 10?
2239232
Convert 1394711 (base 15) to base 10.
14139466
3d6435 (base 16) to base 14
76a341
What is -307355 (base 11) in base 2?
-1111000010101011101
What is -bd5f (base 16) in base 5?
-3022404
Convert -e035f (base 16) to base 5.
-213341432
Convert -3184820 (base 12) to base 14.
-1362904
-253644 (base 8) to base 6
-1515140
Convert 111101110000012 (base 3) to base 2.
11011001000111001001100
Convert -bc2f2 (base 16) to base 5.
-144131202
Convert -2c67b (base 15) to base 2.
-100010111101110000
Convert 155538 (base 11) to base 9.
407316
Convert -87993 (base 10) to base 8.
-253671
23002420 (base 5) to base 6
4210021
What is 203223222203 (base 4) in base 16?
8ebaa3
2690 (base 12) to base 14
1884
What is -ce53bc (base 16) in base 8?
-63451674
-104030 (base 12) to base 6
-5252100
-6a1b (base 12) to base 3
-121020012
Convert 1343120324 (base 5) to base 6.
202440011
1000001100111010010101111 (base 2) to base 3
1012100212101021
What is 341341 (base 7) in base 16?
ec80
Convert 543160 (base 13) to base 12.
7b44b7
102303 (base 6) to base 14
3063
133320013 (base 4) to base 15
28a47
127871 (base 12) to base 7
2403145
Convert 163a2 (base 16) to base 8.
261642
What is 4304542 (base 6) in base 9?
351418
-31a82 (base 14) to base 5
-12320231
1111100010111011000 (base 2) to base 16
7c5d8
Convert 261078 (base 12) to base 9.
1150742
What is -6587535 (base 9) in base 12?
-122987b
Convert -3d020 (base 15) to base 12.
-95370
Convert -57422 (base 13) to base 16.
-26ca8
What is -740a02 (base 13) in base 14?
-5095d9
bb2562 (base 13) to base 14
828bcd
What is 4a0617 (base 13) in base 16?
1b0928
-1b241 (base 15) to base 16
-158c5
-2011022 (base 4) to base 14
-316a
Convert -3104716 (base 9) to base 13.
-4601c7
What is -b429c (base 15) in base 3?
-1002000020010
What is 102110133 (base 4) in base 8?
222437
Convert 4a663 (base 11) to base 12.
36079
5d1a6 (base 16) to base 9
641102
Convert -13410320 (base 5) to base 10.
-138210
What is -1023142130 (base 5) in base 13?
-5a91b5
What is -2054235 (base 6) in base 7?
-566510
791602 (base 11) to base 14
24b889
26026 (base 7) to base 4
1223200
What is 233276 (base 11) in base 12?
15a39b
-33030111002 (base 4) to base 12
-1400942
Convert -3bab (base 16) to base 11.
-10527
Convert -35065277 (base 8) to base 14.
-1028607
-2085456 (base 10) to base 15
-2b2da6
-4404035 (base 6) to base 2
-110101010111110111
Convert -4240263 (base 9) to base 3.
-11021100022010
What is 100100001101010001010 (base 2) in base 15?
186812
71516 (base 16) to base 10
464150
11000010100001101 (base 2) to base 10
99597
6706628 (base 9) to base 2
1101110000100101011011
Convert 2131421 (base 6) to base 16.
19b85
Convert 30215420 (base 6) to base 8.
3213444
What is -920a3 (base 11) in base 14?
-37064
Convert 2005144 (base 6) to base 11.
64a6a
What is -2088180 (base 11) in base 14?
-6b7c1d
1022001122001 (base 3) to base 13
1b2152
What is 10111201022020 (base 3) in base 15?
26c5a0
Convert 14423105 (base 6) to base 11.
312405
Convert 507227 (base 9) to base 6.
10235211
-121100032132 (base 4) to base 10
-6620062
What is -111153 (base 12) in base 14?
-70d31
-1131032013 (base 4) to base 13
-104a48
What is 100100010001100010111010 (base 2) in base 11?
5405321
-1111022210012 (base 3) to base 8
-3016174
-1011101000000011000 (base 2) to base 14
-9cb8c
What is -11110011111101000 (base 2) in base 7?
-1030103
-211101221 (base 3) to base 2
-11111111001101
What is -5204411 (base 7) in base 3?
-1011200012012
What is -1520128 (base 11) in base 8?
-11742251
-37053272 (base 8) to base 15
-aae646
-441321 (base 8) to base 14
-3c001
-222337 (base 8) to base 10
-74975
What is 54664 (base 10) in base 11?
38085
-1020435013 (base 6) to base 2
-101000101101110111110001
What is -350201 (base 7) in base 2?
-1111010000111101
What is -4516660 (base 7) in base 11?
-35233a
What is 4897c6 (base 14) in base 9?
4606532
What is -43c8ec (base 16) in base 3?
-22100200202102
Convert -84a686 (base 12) to base 9.
-3837423
What is 2b25 (base 14) in base 9?
11470
What is -6340161 (base 7) in base 11?
-483574
What is 100011101100101011000 (base 2) in base 14?
22641a
Convert -23a82 (base 12) to base 3.
-2110002222
1407276 (base 9) to base 6
24322323
What is 11001101000010101110000 (base 2) in base 12?
2300268
What is 133322023210 (base 4) in base 5?
4120133042
-541660 (base 7) to base 2
-10111000001101110
What is -6b41 (base 15) in base 16?
-5902
-129466 (base 10) to base 2
-11111100110111010
What is -5c0ad6 (base 16) in base 13?
-13327a8
What is -b0941 (base 13) in base 16?
-4d161
What is 812068 (base 10) in base 15?
11092d
What is 2002222220122 (base 3) in base 14?
212bb5
What is -8a940 (base 11) in base 3?
-20200111000
What is -4004150 (base 6) in base 11?
-118a04
Convert 91512 (base 12) to base 14.
4cca2
Convert -373745 (base 12) to base 4.
-3123031211
What is 12201122221 (base 3) in base 11?
77790
2c311 (base 13) to base 11
58130
Convert -75abc2 (base 13) to base 4.
-22203100103
Convert -a8050 (base 12) to base 8.
-660074
What is -4bc69b (base 14) in base 9?
-4814583
What is -16414163 (base 7) in base 6?
-54145512
-5452424 (base 7) to base 14
-135814
-49273 (base 15) to base 8
-707731
Convert -11b7212 (base 12) to base 15.
-489ac5
Convert -6744010 (base 8) to base 9.
-3374447
Convert -111110011113 (base 4) to base 3.
-101111212022120
What is -71186 (base 12) in base 5?
-14202001
1878358 (base 9) to base 5
232242023
Convert 8114 (base 14) to base 4.
11122112
-10ac73 (base 14) to base 4
-2022212211
-746183 (base 9) to base 2
-1101100011011010101
26346 (base 16) to base 11
a7630
Convert -116642333 (base 7) to base 9.
-14836438
Convert 5d3a0 (base 15) to base 10.
297825
What is 16d7d7 (base 14) in base 9?
1457008
Convert 1668278 (base 9) to base 15.
135d7b
3166540 (base 7) to base 8
1362673
-2042211 (base 11) to base 6
-205131550
8e63 (base 16) to base 2
1000111001100011
-11043001 (base 6) to base 5
-41114200
-10011100011011110 (base 2) to base 6
-1414450
1021010012 (base 3) to base 15
7582
What is -120222001110 (base 3) in base 14?
-82738
-3504b (base 14) to base 15
-28375
Convert 3424042 (base 5) to base 12.
2b477
What is -344440 (base 5) in base 14?
-47a7
What is -626501 (base 10) in base 4?
-2120331011
-3223503 (base 7) to base 5
-100031030
What is 21463005 (base 7) in base 5?
433104103
20055125 (base 6) to base 12
2344a5
74998 (base 10) to base 15
1734d
Convert -11411013 (base 5) to base 8.
-321000
What is 3003303032 (base 4) in base 9?
1452118
What is 2102